ate the remainder when (-4)/((-3)/(-159)*-2) is divided by l.
16
Let d = 33 + 4. Calculate the remainder when 5 is divided by (-2)/18 + d/9.
1
Suppose x = 3*x - 48. Suppose 5*c + 11 = 5*q - x, 5*c + 24 = 4*q. Suppose u = -u + 40. What is the remainder when u is divided by q?
9
Let n(b) be the first derivative of -b**3/3 + b**2/2 + 13*b - 7. Suppose r + 0*r - 24 = 0. Calculate the remainder when r is divided by n(0).
11
Let h = 1 + 1. Let c(f) be the first derivative of f**4/4 - 14*f**3/3 + 15*f**2/2 - 19*f + 2. What is the remainder when c(13) is divided by h?
1
Suppose -6 + 0 = -3*m. Let n(t) = 19*t - 9. Calculate the remainder when n(m) is divided by 3*1*(-8)/(-3).
5
Suppose 4*n + 5*v = 6*v + 806, -5*v = -2*n + 394. What is the remainder when n is divided by 17?
15
Suppose 4*n - 59*n + 820 = 27*n. Let l(i) = -16 - 9*i + 6 + 0*i**2 - i**2. Calculate the remainder when n is divided by l(-7).
2
Let a(p) = -24*p**3 + 3*p**2 + p - 1. What is the remainder when 96 is divided by a(-1)?
21
Let v(q) = -q**2 - q + 7. Let l = -4607 + 4634. What is the remainder when l is divided by v(0)?
6
Let g(p) = 5 + 0 + 7 + p**2. Let f be 3/((-18)/(-4)) - 60/90. Calculate the remainder when 21 is divided by g(f).
9
Let a(y) = y + 15. Let o = -163 - -368. Let d = o + -147. Calculate the remainder when d is divided by a(0).
13
Let l = 25 - 17. Let q = 9 - l. Let p(m) = 4*m + 2. Calculate the remainder when 9 is divided by p(q).
3
Calculate the remainder when 5/(15/(-21)) + 197 + 4 is divided by 61.
11
Calculate the remainder when 338 is divided by (-12)/(-8) + 5/(-20)*-70.
15
Let k(b) = b**2 - 8*b + 3. Let w be k(7). Let z be (-159)/w + (-3)/(-12). Suppose x + z = 6*x. What is the remainder when 22 is divided by x?
6
Calculate the remainder when 141 is divided by 1827/(-27)*-1 + (-2)/(-6).
5
Let r(p) = 168*p - 1314. Calculate the remainder when r(9) is divided by (-238)/(-6) + 2/6.
38
Let c be (-52)/(-14) + (-2)/(-7). Let s(x) = x**3 + 2*x**2 - 6*x. Let i be s(5). Suppose i = m + c*m. What is the remainder when m is divided by 10?
9
Let a(q) = q**3 + 23*q**2 + 72*q - 47. Calculate the remainder when 433 is divided by a(-19).
27
Suppose -11 = -2*h - 5*r, 3*h - 5*h = -4*r - 38. Calculate the remainder when h is divided by 13.
0
Let u(w) = -w**3 + 2*w**2 + 9*w - 2. Let q be u(4). Suppose 5*a - 39 = q*g, 2*g + 24 = 4*a - 2*g. Calculate the remainder when 32 is divided by a.
5
Let o(k) = -k**3 - k**2 + k + 8. Suppose 206*f - 215*f + 27 = 0. Calculate the remainder when o(0) is divided by f.
2
Let s(o) be the third derivative of -o**4/6 + 41*o**3/6 + 24*o**2 + o. Calculate the remainder when s(8) is divided by 3.
0
Let w = 2 + -5. What is the remainder when 43 is divided by (0 + -12)/(w + 6 + -4)?
7
Suppose 5*t - 4*t = -73. Let v = t - -106. Calculate the remainder when v is divided by 20.
13
Let y be 0/(-2)*(0 + 1). Let r = -174 + 196. What is the remainder when r is divided by -18*((-2)/3 + y)?
10
Let y(h) = h**2 - 110*h + 167. Calculate the remainder when y(0) is divided by 164/6 - 2/(-3).
27
Suppose 5*y - 315 = -95. Calculate the remainder when y is divided by ((-27)/((-9)/(-3)))/(-8 - -7).
8
Suppose -4*c - 6 = 2, 4*t - 4*c + 312 = 0. Let k = -148 - t. What is the remainder when (-1309)/k + (-3)/(-4) is divided by 7?
6
Let o(u) = u**3 + 5*u**2 - 29*u - 23. Calculate the remainder when o(-7) is divided by 12.
10
Let d = 43 + -30. Suppose 0 = 12*k - 706 - 62. What is the remainder when k is divided by d?
12
Suppose -5*z = 5*r - 40, -20 = 5*z - 0*z. What is the remainder when r is divided by (-1)/((-8)/12)*(-4)/(-2)?
0
Let k(y) = y**3 + 11*y**2 - 25*y + 51. Calculate the remainder when k(-12) is divided by 42.
39
Suppose 0 = 4*g - 39*g + 6265. What is the remainder when g is divided by 37?
31
Suppose -29 = -4*d - 5. Suppose -2*t = -8, -6*f = -3*f + 5*t - 26. Suppose -5*l - n = -5, 5*l + 4*n - f*n = 0. Calculate the remainder when d is divided by l.
0
Let s = 2167 - 648. What is the remainder when s is divided by 13?
11
Let q = 23 + 16. Suppose 18 = -c + 2. Let g = c - -26. What is the remainder when q is divided by g?
9
Let r = 18 - -20. What is the remainder when 143 is divided by r?
29
Let j(o) = 2*o**2 + 7*o - 4. Let z be j(-4). Suppose -10*c + 11*c - 2 = z. What is the remainder when 2 is divided by c?
0
Suppose -7*m = -2*m + 5. Let x be 1*15/1*m. What is the remainder when 55 is divided by 18/x*(-140)/12?
13
Suppose 3*d + 134 = d. Let c(u) = -u**3 + u**2 - 4*u - 129. Let x be c(0). Let h = d - x. Calculate the remainder when h is divided by 13.
10
Let v be ((-2)/(-6))/((-4)/2364). Let z be (-9)/(-15) + v/(-5). What is the remainder when 0/4 + z + 0 is divided by 21?
19
Suppose -2 = -10*d + 9*d. Suppose a = d*r - 133, -r - a + 69 = -2*a. What is the remainder when r is divided by 13?
12
Suppose -236475 = -71*l - 22481. Calculate the remainder when l is divided by 58.
56
Suppose 0 = -6*u + u + 305. Suppose -4*d = -3*d + 3*o - 19, -20 = -d - 4*o. Calculate the remainder when u is divided by d.
13
Suppose -4*h + 23 = y - 32, -3*y + 123 = -2*h. Calculate the remainder when 385 is divided by y.
41
Let u(m) = -4*m - 38. Let z(r) = -4*r**2 + 4*r - 3. Let g be z(2). Calculate the remainder when 10 is divided by u(g).
4
Let c(w) = 294*w - 335. What is the remainder when c(5) is divided by 71?
70
Let x = 2 - -16. Let r(l) = 2*l**2 - l - 3. Let m be r(0). What is the remainder when (168/16)/(m/(-20)) is divided by x?
16
Let v(x) = x**3 - x**2 + 2. Suppose -l + 5*p - 4 = 0, -4*l + 26 = p - 0*p. Let t(h) = h - 3. Calculate the remainder when v(2) is divided by t(l).
0
Suppose -5*w = -10 - 20. Let v = w + -5. Let s(d) = 19*d. What is the remainder when s(v) is divided by 5?
4
Suppose k + 48 = 5*k. Let t be 812/(-21)*(-3)/2. Suppose r - 2*r = -t. Calculate the remainder when r is divided by k.
10
Suppose 16*h + 12*h = 308. What is the remainder when 31 is divided by h?
9
Let h = 24 + -7. Let f(q) be the second derivative of -q**4/12 - 2*q**3 + 19*q**2/2 + 6*q. Calculate the remainder when h is divided by f(-13).
5
Let q(c) = c + 7. Let n be q(-7). Suppose 0 = 2*l - 5*d - 62, 5*l - 3*d - 117 = -n*d. Let u = -3861 - -3944. What is the remainder when u is divided by l?
20
Let q = -2 - 0. Let n be (-13 - 2)/(-3) + q. Suppose -3*b = n*y - 36, 3*y - 6*y - b + 30 = 0. Calculate the remainder when y is divided by 3.
0
Let z be (0 - -2)*(-1 + (-3)/(-6)). Calculate the remainder when (z + -20)*-14*(-1)/(-6) is divided by 28.
21
Suppose -4*q - k + 193 = 0, -2*q - 195 = -6*q - 3*k. Let o = q - 29. Suppose -3 + 43 = 4*w. What is the remainder when o is divided by w?
9
Let s(h) = 65*h**2 + 3*h + 4. Calculate the remainder when s(-2) is divided by 29.
26
Calculate the remainder when ((-76)/2)/((-126)/(-33) + -4) is divided by 35.
34
Suppose -5*h - 10 = j, 5*h = 4*j + 4*h - 2. Suppose 43 + 32 = 3*f - 3*g, j = g - 1. Calculate the remainder when f is divided by 9.
8
Suppose 0*q - q = -11. Suppose 2*p = 4*b + 16, -b = -4*p + p + 29. Calculate the remainder when ((-64)/p)/((-1)/5) is divided by q.
10
Suppose -29 = -v - 2*l - 7, 4*v - 88 = -2*l. Let r = -46 + v. Calculate the remainder when (-6)/r - (-163)/4 is divided by 14.
13
Let w = -61 + 84. What is the remainder when w is divided by (-1 - 0)/((-7)/35) + 3?
7
Let f = -1 - -13. Let k(o) = o**2 + 2*o - 135. Calculate the remainder when k(-14) is divided by f.
9
Let k be (-4)/(-5)*(-20)/8. What is the remainder when ((-6)/4)/(k/76) is divided by 15?
12
Let j be ((-3)/6 - -1)*8. Suppose -5*b + 5 = 3*z - 5, -4*b + j*z = -8. Calculate the remainder when 6 is divided by b.
0
Let o(f) = -2*f**3 + f**2 - 3*f - 13. Calculate the remainder when 111 is divided by o(-3).
52
Suppose -3*g - 11 = 5*j + 107, 0 = 4*g + 4. Let k = -26 - j. Calculate the remainder when (2/k)/(6/(-171)) is divided by 5.
4
Let w = -11 + 32. Calculate the remainder when ((-16)/12)/((-2)/123) is divided by w.
19
Let r = -106 - -150. Let s = -26 + r. Calculate the remainder when s is divided by 5.
3
Suppose -4*b = -6 - 2. Suppose q = -b*q + 2*a + 157, 2*q - 2*a = 104. Suppose 2*l + 0*o - 30 = 4*o, 2*o = -l + 7. What is the remainder when q is divided by l?
9
What is the remainder when 3/(-5)*4720/(-48) is divided by 10?
9
Suppose 2*h + 29 = 5*y - 11, -4*y - 4*h + 32 = 0. Let r(s) = 